{"id":3381,"date":"2025-02-05T07:56:58","date_gmt":"2025-02-05T07:56:58","guid":{"rendered":"https:\/\/fgwuerenlingen.ch\/?page_id=3381"},"modified":"2026-01-26T13:31:27","modified_gmt":"2026-01-26T13:31:27","slug":"kirchliche-anlaesse","status":"publish","type":"page","link":"https:\/\/fgwuerenlingen.ch\/?page_id=3381","title":{"rendered":"Kirchliche Anl\u00e4sse"},"content":{"rendered":"<figure id=\"attachment_3269\" aria-describedby=\"caption-attachment-3269\" style=\"width: 150px\" class=\"wp-caption alignleft\"><a href=\"https:\/\/fgwuerenlingen.ch\/?page_id=1966\"><img loading=\"lazy\" decoding=\"async\" class=\"wp-image-3269 size-thumbnail\" src=\"http:\/\/fgwuerenlingen.ch\/wp-content\/uploads\/2025\/02\/Weg-der-Stille-2-150x150.png\" alt=\"\" width=\"150\" height=\"150\" \/><\/a><figcaption id=\"caption-attachment-3269\" class=\"wp-caption-text\"><a href=\"https:\/\/fgwuerenlingen.ch\/?page_id=1966\">Meditationsfeier Bild anw\u00e4hlen f\u00fcr weitere Infos.<\/a><\/figcaption><\/figure>\n<p>&nbsp;<\/p>\n<p>&nbsp;<\/p>\n<p>&nbsp;<\/p>\n<p>&nbsp;<\/p>\n<p>&nbsp;<\/p>\n<p>&nbsp;<\/p>\n<p>&nbsp;<\/p>\n<p><strong>Sonntag, 01.03.2026, Suppentag, 11.00 Uhr, Turnhalle Weissenstein<\/strong><\/p>\n<p><strong>Freitag, 06.03.2026, Weltgebetstag in Rein<\/strong><\/p>\n<p><strong>Freitag, 13.03.2026, Eucharistiefeier mit Krankensalbung und anschliessendem Mittagessen<br \/>\n<\/strong><strong>10 Uhr, Altersheim, W\u00fcrenlingen<\/strong><br \/>\nAnmeldung gem\u00e4ss Aussschreibung: Lichtblick, Botschaft<\/p>\n<p style=\"font-weight: 400;\"><strong>Dienstag, 19.05.2025, Frauengottesdienst, 9.00 Uhr, Kirche W\u00fcrenlingen<br \/>\n<\/strong>Im Anschluss an den Gottesdienst setzen wir unser Beisammensein bei Kaffee und Gipfeli im Pfarreiheimsaal fort.<\/p>\n<p><strong>Schulschluss Gottesdienst<br \/>\nSonntag, 28.06.2026, 10.30 Uhr, Kirche W\u00fcrenlingen<br \/>\n<\/strong>Dank f\u00fcrs abgeschlossene Schuljahr und Freude auf die freie Zeit pr\u00e4gen diese Feier. Im Anschluss Ap\u00e9ro.<\/p>\n<p><b>Wald- und Schulstartgottesdienst<br \/>\nSonntag, 16.08.2026, 11 Uhr<br \/>\n<\/b>Kaffee und Kuchen werden offeriert, Picknick f\u00fcrs Mittagessen darf mitgebracht werden<br \/>\nOrt: Bei sch\u00f6nem Wetter Waldh\u00fctte Oberwald. Kaffee und Kuchen werden offeriert, Picknick f\u00fcrs Mittagessen darf mitgebracht werden.<\/p>\n<p style=\"font-weight: 400;\"><strong>Dienstag, 10.11.2026, <\/strong><strong>Frauengottesdienst, 9.00 Uhr, Kirche W\u00fcrenlingen<br \/>\n<\/strong>Im Anschluss an den Gottesdienst setzen wir unser Beisammensein bei Kaffee und Gipfeli im Pfarreiheimsaal fort.<\/p>\n<p><strong>Freitag, 04.12.2026, Rorate Feier, 6.30 Uhr, Kirche W\u00fcrenlingen<br \/>\n<\/strong>Anschliessend an den Gottesdienst laden wir herzlich zu einer kleinen St\u00e4rkung in den Pfarreiheimsaal ein.<\/p>\n<div><b>Freitag, 05.03.2027, <\/b><strong>Weltgebetstag in W\u00fcrenlingen<\/strong><\/div>\n<p><strong>Sonntag, M\u00e4rz 2027, Suppentag, 11 Uhr, Turnhalle Weissenstein<br \/>\n<\/strong>Im Anschluss an den Gottesdienst gibt es Zmittag, sowie Kaffee &amp; Kuchen<\/p>\n<p>&nbsp;<\/p>\n<h3>Chilekafi im Pfarreiheim<\/h3>\n<div><b><img loading=\"lazy\" decoding=\"async\" src=\"data:image\/jpeg;base64,\/9j\/4AAQSkZJRgABAQAAAQABAAD\/2wCEAAkGBwgHBgkIBwgKCgkLDRYPDQwMDRsUFRAWIB0iIiAdHx8kKDQsJCYxJx8fLT0tMTU3Ojo6Iys\/RD84QzQ5OjcBCgoKDQwNGg8PGjclHyU3Nzc3Nzc3Nzc3Nzc3Nzc3Nzc3Nzc3Nzc3Nzc3Nzc3Nzc3Nzc3Nzc3Nzc3Nzc3Nzc3N\/\/AABEIAHgAzwMBIgACEQEDEQH\/xAAcAAABBQEBAQAAAAAAAAAAAAAGAAIDBAUHAQj\/xAA9EAACAQMCAwUECAUEAwEBAAABAgMABBEFIRIxQQYTUWFxFCKBkTJCUqGxwdHwBxUjYuEkcpLxMzRDkxb\/xAAZAQADAQEBAAAAAAAAAAAAAAAAAQIDBAX\/xAAhEQACAgIDAAMBAQAAAAAAAAAAAQIRAzESIUETIlFhMv\/aAAwDAQACEQMRAD8AqXml6Ul1xexRkY2XJIxnJGM4rDuvZotWglISHJOOH3MEYxkjOPXyolZDdR+6QSOVYWs6Q97CvCGEybqcc\/GuHHP9O6cA19pSHunuZISWyO8jVQ7Ec9jjPqmc55CqUl3p87zNbNGLjiAjjdJFLY55269KA459TtFMM0bsUGAYnDY9Vz9\/OnadrxsJi8lpIsgbIdYQu9aumZK0HWqX1ro1xFNLDLseJYzCV4WIwSrsMHbbxoMvtUutd1u0leNo4raVTBEctw8Jzk59B869vtX1LtBOsVjbO0jnCkqAeXl+ORtzq1pmmW2lhm7xby8kGJJVOYk8l+2c9dh61MpcV2VCDkwvs9UnnHC8DMp5lemPLl4VowXqOQY7lXI6RMJMf8cgUKhnlTglUMo+2Aw\/48h8hXkjvyaZyvQZrieWjsWCzf1GDT9TiZL\/AE8ToG2DOqlfiWBrPttG0qCAwxJqSwn6kd+qgfJ6pxk8J4ctgeewqU+0CIzLFIYs8JkAPDn15Uvml4V8EfTTstL0GwUtFpV1GzbM7K0hPqVJ++hvtjoVtccVxo3vF\/8Ay2yqePP2lXGfXFaMV1cITwpsNtjV2DUXxwyxhxjBDYP40lmalbFLBao5jp9+1ndi3ug0Q89sfOifU1vrjT4YbRDKkxyzFwBj57g\/lRVdWGia1GY763VHPKRV3U+OP0NZ2o6FPp1iYbdfaYDsjI2Cf7c56Z5H03rfnCbUlsxUZRTiwS1KwnS7BjtbiWJEVEZYiwOOuw51msshZVaKSJscmQrj4UROwnkLS3c6kKFCjA+HOnRjvCyw3xA+oJRvz553\/ZrXmkLizBRcIisxyPLGf8Vn3dm4leW1YMCclMgH4UVyW1wq8TWkc4H1gAcfEb1XCW7k8dsybHHCxxn0NVGfqCUbVMEEkvbWVJAJYXHJlyPwoj0aS31VhBLEqXrYRQoCLKPA+f47VaOmW0yFRNImRghlGPuxVaTs7xZa3lTiGwIYgg\/Gm5qRHxNaMvtBo13pExE8REbHZs59M\/r1rPtkErcLUVpCb5XttXw05PuzuVYyeGTnnQ5qGnXGmXRjMT8J3UYzVQlfRnKNOy3FZqhBIz51vad2U1CU21woi7lvfU950HU0O28kgKiRWAIyufCuhdldWV7AKSDJCcGLcYQ5wRk8tj16eVTK\/C1RqwRex2UFuXy8USxsxyBsN9\/h+96YjrLjhVCGOygkZwPn+\/lHfXEUwLRzAZJbgbbB368vHnv8tq8alQ2SO7O+8np4n8vlXLNG8SLT5FimUE+4+wI6GiCGBFJPCMnriuQ2Go3Fm39IO8R3ZPDzHga3tS7ZXMtpHbW2YTw\/1JPrnyHh61bwyT6M\/ki0FOu32jWeVvkhmkA2iCB2\/wAfGgrUNYsnkY22nW9unVmGWx9wH31gSz5YsWJJ5knnU2jqLvWdPt5N0luokbzBcDH31tDDRnLL+BxNANG0iC1kDNqOoRrNcg844T9CLyzgFvl4VJY2oKh33J5jGw\/xWh2usppe3d0mMA8DoTy4eED5bGiCw0GDgHGnGeruSfu6VzZ7cqR04pKMbYOtGSuE4SB4GoWtyOnKj2PRIFK4ij35Exj9KZeaHbGFyECOBsU2\/wC6xeKSVlrPG6B3sr\/QvJTJbySoVGXReLg9R1B\/Ki63hg9lngs2jkhlVsIDsjHpjmB68qw9FspIrj2r\/URxLle9hxsf7hvt8KIpJTCO+Bt7gHZZF91vLfcVtg\/zbMc8rl0Dmo6LEt3Da6ZGTOkWJiG28ufI86xJYHhZlZSCpKkHoRzo908yNb4ZI7UtlnYHLff+JrL1TTUCma2h4LcEZLE5c55gVnlxWuUSseZp8ZAqIpefBnAzWjp8zjMU68SMMMrDYitGPT4pHYPlW6ZGMVI+lBUL2\/ErpzXmD6VhxltGzyJgd2u0MpDJe2o96NQ0n98eccR\/uBIBPUHPMHISWZtuPhHkSK7akQuBFHMoKSLIjDGxUo35gVx3StJvNRu\/ZbaPjYOULtsowcc\/yruxfaNs5pSV0UGnu4j\/AEbiXA6Zqza6tflgrShh4OoNG6fwrvmiLy6nbRyfYSJmHzyPwoW7QdmtT0JgJkR0chFmj3TJ8SeXLrW3x9aIWRX0yWOa4dcvDHz5YwPhUE2o9xxCSNk6ZxkH0qxHp19b2gkgvllHDnhCZXz61iNdLcMyzIEkQ4Yfa86zUezXn0TR3FrczgvMNz1BFarNHMqJ33GF\/wDFIG3jPn4j9+g80SDdABnlvXiHgblv8qpxvRN+MLbvTAsX+vgsNwCH7xULHy5E\/I1LpiRQrw2TNbMQAsie\/sG4sb74zk486z9JnivyRfyIrE8PG2wC9BtVvXLO+7PzRxlg0DJxwsH91l5\/S+dTb0CaezUu4oraSJ7lirlQMxv9LAGSqnfG3\/ZpW\/szRIsCzOTnfAGMeHLz6UF6bqDNqwZ5VZ2UcTHfG\/U9d+dG8bRcCBQWhcZZVIzjnjPLnjP+31FRki0XCSejktxxPzncjopyPuFVeN4+px\/ca9DyFBwuAvgxBqWBMh3kkAC+A516FHAxisz7gNt41sdmrO7uNatPZbeSdoZo5JGUbRgMDknpyNbXZrsU2oxx6hrDTW9i26RZxJP5jP0V8+Z6eNH8EMVvapBaxJb2sf0IYxgfHxPmaBBJ2l0r29rfWLReK5gTglRf\/pGTn445j41BHcCS0UxuQrYyR4Vs205jRGBzt86hns7K8cyRMsMpOWU\/RY+PrXPmw8vtE1x5KVMmguYBG4ZgvAQCzHkDyNNmgMxZMpIFYEI\/1xz+NZ8lpLbbMvEpGOWcjw9KgZVdFidgEXdVf6p8jXPKUo9NGqinpl6S4t7S4Jsw8DN9KNlJRvUDcH0qB5hJIXeBFJ+vCxRviQQfupgSWRMGYSqOXF7wFeezyjGGi\/8A0IrJykaKKQgxhleW3hRjIA0k9wdh5Y2yR4bY8KsfzbvZYwiG6ZObkcEaHxPjUM9vHJws0kfEBg8WWA9BSSJCBxBpcfRaQhEX0X\/ulyktDqPpcFzDeytKBxg+73nIA+Xj68qswx8TkgkqOuKjt4e8XjkfIG2wwKV3qcFohWMhnFb48bfbOeckukQ6gyWqcRIDt7iDwzjNY9vYQabE080iRRQZdmJAAxuSaqX9zJcyrK52EgOM8qbqS2msWMlnecfdPg+42Cp6H97V0RSXSM229jrv+J9lHMsVpZS3EZ270kKp9P31qe11zR+2NpPbxbSYKyQuu4\/XpuK5b2k0S90aMq\/DPZttFcquG\/2t5\/j0qz2JtnivheWrSiONwuG6sxG378q0egpLRe1WKW0EtkszJ3IKYJ69PxoLLFbhi7gyE4Iz+VFf8QrxYu1F2I0LsscZbA5Nwjn8MUNWcTM73EykmXGwPvICd\/jisoQps3lO0hWxe4uGQt3aqOMs4O3p1zSaaJFLOSMAHep0WRL4nT2R8oOIsdh1xXqQRyXZaNO8mjHvo+2S3lVuKJtjEJSCOV9kkHu77ip7q4ZbERvcyvkjCtIWA9BmoLu4LW62ThuIEtk818c\/rVC1AQ3PGCuVDIXOCR4\/vypcLDnQ8pNZSx3koKZIAB5n1FH+g6lHPCpUkkA9ASeXz\/UUApD7Y6cStKCuQobZPU1t6VaCzhK968gZto0GcfHrU5arseO0+jBuoLdFHdIySpuVbHzBow7E9nY9SH871NHewibhggkORcyDnn+xfvO3Q5F9I0yXWNYttMszxy3EqxvKvKNSd8Z6AZPwrt1xaQW0cFjaJwWlogjiXwAroOdlB2aVzLLux5eXlTWOd\/up0m3lTIwZW4V3zSEEumy99p0TDmo4D8KhuWxkivdMj9ntvpAozc87A029XOaYir\/Nrm2zhuNfBqX\/APQW7f8As2g9RWXeMQTmsqST3qiRSCsarpEhyyyL8M08X2kH6zf8KEUbfep0Oay4x\/DTk\/0Kl1DS0OVEhPkMUm1iBTm3thxfafnQ9GamU0JJeCtvbNKfUrib6T4HgKpuxxkmmg0icb9aoVFW\/Z0tMgHLydOnKqFsbkOP6chHpRVYW8bWiyTEAnJGeg5UyW80yLbv1Zh0jHFQBjzi4urOS1a2TupRwv3g4sjyH51WhtLPszp8t9qD8EEf0IhzdugA6mt3+ZRn\/wBaHH9z\/pWN2hszrmkXNs54rhVMkDkcmAO3xyR8aYHMNSv5tUvptS+tLLxtCdyD4Zry4u2WJZ4y0cmxLD7JqnayyRAMMcDb79P+6sRyf1EQqDGZCxz057emaspDTcQQ3+A8vdFOIkYBzUqgzSteWk4BLZ6lwB5VBq1wkz8JwUA4QT0HjUVup77hs1WQEdeSfGjyw9osSXBlvH7x+8mfARv7cb7fKnx2nGp9px3f1QDuf3+dWrayitmZoIlmm6yNyXptV1bVeLjZ+MncnFZSyVo0jBsht7dmCRxKEiA5Dl\/mt2yhSNRwrgAYyayZL8QskEEayOxwWY7Aj09aik1G6lTEYjQg8JcEkDHpmsHCc+zVSjEIf4QWxm7X3E5XaCzkkG3UlVHpzNdDZeIM2NyaAv4KLJH2huWl4Y4p7eSJIyCGLAqc49Aa6GyGN5YzzRiK7mcL2Y95ERyFYHaXjttLXLPHFMSHdQTy5L5Z\/Kiy6jyvKgntZ7XDOxv+8exkAESZPCDjoBtxc+e\/OpGtkX8MRqD6pNbWDH2GTe4wBwLj6J8m\/Sug3mYHkilYEpyblkfrQ1\/DPtHOC2lSq00Zl\/pOR76jHI+Px3o8Sziu0uY5lBJY8xyqhS2Bd6wOeorJkXLUS32hzWyyxvIMc42IzmhmQXEL8M0WDy5c6loaY5IyeR+dWo4mxzFRIwUAkHer0KcXKoKFFEep+VWAigedOVOEUippANJxXgRpDyBxyHjT44jI2FHLmx5U+NeG\/CKc4SgCvPay3JHtEpKjkg2UfCoHsxEwEScRJxhRW04zWVfv3fvDnyoAjb+mBk+94A1JZN\/rIz4ms8zcTc+daGnss1+gjTgVVy2+fvpDOUdo447XWdStY0OVmdQoPic\/gazeEcK8RLKTuc8qvdp5TP2k1CeJgeKdmAzzwcflWSWVo5ZHwGJyV862Qj2PN7NDCPelkkCAnxY4\/Ot4Wq2fFaRnEcTEM3VyDzrBsp2huI7hYuIRkMvCOoOfyojvpFF3I6HKSN3ikDmrbg\/I1nlvRUKG3F9MEjijQY34VVdyf2BVX22MoEuO8jmGc4b3T8K8dpXkj9n3kGQq\/jXkwSa9i9pjXuy3v4HOpjFF8mzR06K1e1SQDvTIxDEZPC2\/3bVFxpb3EqoSipjiYDOM8qkktYI7kCwn4Y5AcKpABIHLHKoLO0KpcGRi8c+A554wcjf4VpSETdmNYm0\/WrfU+d2l2paLIUCP64A8SCQK7zfGK4ih1SydZba4QNxocggjY182XZQzpmORvex7646+Ga6z2M7TWegNb6BqUhWxn\/8AC8j57pjvwk9AT8jVmLXoVsoZfSrltLbfy+b2mJZI0QlkIyCBvuPhTby1NqeMHit2+i43x61TU92TtlWGGHQikSc2ttUu7HVXvrOTuXS5XMceycJ+rw+HMfvNdf0q+9tj9sWLgVjh1B5YoVTsLYXV37VbX0qozcXdSDiAPrzPxr287cab2c7zT7C3lvpomKu5YJHxA4IBwc4PlQutlP7aDqeITx+7jfkedDeo20MLf1oXQfaQZBr3sf2rh7RW87PCtncwOA8XecSsG5EHA8DtRHJwSKVlQY653p7I0ArR2DnImiPkTg17mFB7ssePUVu6j2e0y7BL26ZPVcr+FYkvZixiY8Icb8u8NQy00QSXdun\/ANgf9u9RrJLdHht4yFPOR+XwFWRY2lsfciBI8iTUgklIxDDwj7TbAfCoKHcSWcHvNvjqckmm2UbAtPKMSP0PQUo7cK3eTHjk8+nwp7zAUAPlcKDWFdlriVlVsKOvnU95dk5VOtUkSR5FxkelAyLhkSTgO56YqTVL4dnOzdzeuQLqYcEI5+8eXy51oNHBZQPfai6wxRrnB\/Pz8q5b2n15+0WpccmVtkGIYjtgZ5nzNUkLZjhT3DTSMAwIGepp9tGGn4WIVJVZ\/UCvTDE6iFnUE74G+K8ubWVI41i4pI0JycYIHUelWMjVmS1ZApICkritu2ZJ7eG3X6USZiGeYO5A89s467+ArNYpIXKRsU7rC+bUoZLeNOCWIlueSSCp8RSatUNbNaJLY2ojyYbpD7jhsB1zzz91UU9oub\/jaZQIN8jrTU1AOjiVBcY2LcfCx8yQCPmDUEM9rJMOPTpGLHhA9rwCfPCDPzpJMLJrgxXmoAERq6AlipAXNPu7i4njkEkjwAEBG4VUMPXYmqz6jOZzDZwW1oOR9niAdvLjOW++qVy0bvxKxaXO5YEn406FYRW1zDFHcXF5ZiZlYLxKDiLPLPhnfes5w2r6pBExZA+QS\/QAZ61ejW2srUzxSzTmbdX4cBR9lsciD+\/CGygSa8SW8\/pwZwTJkD59KLodNhvoXbWfsrbW9pqEzX9o\/wBU7tEvT1\/Gjiwv9L1uDv8ARrqNgf8A5k8v0rjut6bb27sycU9uABw8WSmRnIPUbiqVtLNw+1WHFZSWwCtJESBIen+ad2Q4neIO8tmJdGXqcUDdpeyjXt1LdaXOIjI5do5h7oYnJwQNsnJ3+dYWk\/xL1ayiT+aQi6gJID7KxxRXp3bvs3qKjvWa1c887f4oJXRzy7hmgmazbjUg7xgHiY8tz6eHzrpnZntJeaboHc3SvdSwo7xkknhAGyk+ArQRdJv8NBe28v2eMBiPvrWhjRIysYgYYxgKMUD5Xs51ovbXWRrtu11dtPBNPwvC6jBXkceGOnpXVIJIr2BZEGzD40FJ2Ls11E3UcPdbkhI3HCueeBRbYRpaQLGDsNtzQhNodNaDmBVKWBh9U1ptMnPvF+JqCW7tgMyTxqPM0NAYsqSZ2U5qv\/Lru4OOHhU+NaNz2h0e0yXuYyR9k0O6l\/EW1iBFmvH4Mv68qlpIpWbKaHHAoaeQKPEmszVdc0vRo27shpAOQ5\/Hwrn3aLttqd4pFvOkaMMcSMGI8qwbea5v2e3mkLK+ffYbg4qX\/Cku+zS7Wa7JrTpKbgNBGTmFDy8wOtYEpV1DIhAG3wq6mn3CM0UsDNt7rKQQfjU76PcW8DNA6yFhuuMFc+HjQpRXVjpmfJF3TRTAD9asxusziGBZeLhyeI7AVCsLLKIyjRuN8yDZRVhgIp45stwsMcKczVgVknu0kVVyYo24SFXBwPOvJpLfvhcKTI4OySD8auwXcYbuHVkhGTyHExPnS\/0UOZYwmc7q25oEVkSS9u41iiEEv0srnGPIU97YyXTRO+7brgYywBqe3uV9oL8RibP9JyNgPPxFIRx6jcKRKsMgG+TuW8B40DKVlYytczANjh2LcjuKZHGIpWQ7MhI4uHPzFaawy2lw8MrqS3NydsAffVee3jEv9NpZpZTxMEOPuo9CqLunagsNmy21xLDKPsnY4HWo31K8u53tyUlaYjOdsY2zj0xSpU6SJtsqrbz+0SWsdyqMRsrkgEj6tXu67iyNmJmjQMSolUbnfw2pUqEMw51lmkUY4Vzwr\/aBTZLJ0I7tu9x0FKlRYqErSQthXmiIHQmrdvrurwKWi1CdV\/3mlSpkstRdse0HJb2Q+pP61Ie2mu54XumB+P60qVFIBk\/anWse\/eyA9Of61UGr6ncNmW8kI6gNgUqVFDKk\/eyyEl3kHPdicfOvG4hGoBbc7rnc\/ClSpDJVVWZgBkDkPHxNSrkOoDFEY4kK8hXlKgC97TJbjuFk7xCMqR7zKPLNV0maK4RsPF4yE75xSpVNIq+h08+NzKXk6DizzqR4ZILjjLK5hIPGeWfClSp0FinC3UhLRKhPLBxxGo5ookADRjiLAhc8\/KlSpDLN\/PHdSHFvwAbj\/O1e36xezp3CleEbqUwQPzpUqTdMaIbu2e2gjNw7MOEMTx5wD4VaaFLWU927JKoAEiucsPXn\/wBUqVUSf\/\/Z\" width=\"207\" height=\"120\" \/><\/b><\/div>\n<p>Das Chilekafi ist eine beliebte Gelegenheit nach dem Gottesdienst bei einem Kaffee einander n\u00e4her zu kommen und \u00fcber Gott und die Welt zu plaudern.<\/p>\n<p>Im Neuen Jahr wird sich das Angebot etwas \u00e4ndern. Wie unser Seelsorger, Marcus H\u00fcttner, an der Kirchgemeindeversammlung informiert hat, wird es ab 2025 keine 9-Uhr-Gottesdienste mehr geben in unserem Pastoralraum. Das Chilekafi wird deshalb, mit wenigen Ausnahmen, immer am 1. Sonntag im Monat angeboten.<\/p>\n<p>Hier sind die Daten f\u00fcr 2025:<br \/>\n5. Januar, 2. Februar, 6. April, 4. Mai, 1. Juni, 6. Juli, 3. August, 7. September, 2. November und 7. Dezember.<\/p>\n<p>Es sind alle herzlich eingeladen und willkommen!<\/p>\n<p>weitere Infos: <a href=\"https:\/\/pastoralraum-surbtal-wuerenlingen.ch\/wuerenlingen\/\">https:\/\/pastoralraum-surbtal-wuerenlingen.ch\/wuerenlingen\/<\/a><\/p>\n<p>&nbsp;<\/p>\n","protected":false},"excerpt":{"rendered":"<p>&nbsp; &nbsp; &nbsp; &nbsp; &nbsp; &nbsp; &nbsp; Sonntag, 01.03.2026, Suppentag, 11.00 Uhr, Turnhalle Weissenstein Freitag, 06.03.2026, Weltgebetstag in Rein Freitag, 13.03.2026, Eucharistiefeier mit Krankensalbung und anschliessendem Mittagessen 10 Uhr, Altersheim, W\u00fcrenlingen Anmeldung gem\u00e4ss Aussschreibung: Lichtblick, Botschaft Dienstag, 19.05.2025, Frauengottesdienst, 9.00 Uhr, Kirche W\u00fcrenlingen Im Anschluss an den Gottesdienst setzen wir unser Beisammensein bei Kaffee und [&hellip;]<\/p>\n","protected":false},"author":1,"featured_media":0,"parent":0,"menu_order":0,"comment_status":"closed","ping_status":"closed","template":"","meta":{"footnotes":""},"class_list":["post-3381","page","type-page","status-publish","hentry"],"_links":{"self":[{"href":"https:\/\/fgwuerenlingen.ch\/index.php?rest_route=\/wp\/v2\/pages\/3381","targetHints":{"allow":["GET"]}}],"collection":[{"href":"https:\/\/fgwuerenlingen.ch\/index.php?rest_route=\/wp\/v2\/pages"}],"about":[{"href":"https:\/\/fgwuerenlingen.ch\/index.php?rest_route=\/wp\/v2\/types\/page"}],"author":[{"embeddable":true,"href":"https:\/\/fgwuerenlingen.ch\/index.php?rest_route=\/wp\/v2\/users\/1"}],"replies":[{"embeddable":true,"href":"https:\/\/fgwuerenlingen.ch\/index.php?rest_route=%2Fwp%2Fv2%2Fcomments&post=3381"}],"version-history":[{"count":13,"href":"https:\/\/fgwuerenlingen.ch\/index.php?rest_route=\/wp\/v2\/pages\/3381\/revisions"}],"predecessor-version":[{"id":3665,"href":"https:\/\/fgwuerenlingen.ch\/index.php?rest_route=\/wp\/v2\/pages\/3381\/revisions\/3665"}],"wp:attachment":[{"href":"https:\/\/fgwuerenlingen.ch\/index.php?rest_route=%2Fwp%2Fv2%2Fmedia&parent=3381"}],"curies":[{"name":"wp","href":"https:\/\/api.w.org\/{rel}","templated":true}]}}