{"id":2136,"date":"2023-01-19T11:55:29","date_gmt":"2023-01-19T11:55:29","guid":{"rendered":"https:\/\/fgwuerenlingen.ch\/?page_id=2136"},"modified":"2026-04-02T14:39:51","modified_gmt":"2026-04-02T14:39:51","slug":"kurse-vortraege","status":"publish","type":"page","link":"https:\/\/fgwuerenlingen.ch\/?page_id=2136","title":{"rendered":"Kurse &#038; Vortr\u00e4ge"},"content":{"rendered":"<p style=\"font-weight: 400;\"><strong>Workshop: Faszinierende N\u00fctzlinge \u2013 deine fleissigen Helfer im Garten<br \/>\nDonnerstag, 07.05.2026<\/strong><\/p>\n<p style=\"font-weight: 400;\">Entdecke die kleinen Helden im Garten! In diesem Workshop lernst du N\u00fctzlinge wie Marienk\u00e4fer, Florfliegen, Igel und Eidechsen kennen, die auf nat\u00fcrliche Weise Sch\u00e4dlinge bek\u00e4mpfen und das \u00f6kologische Gleichgewicht erhalten.<\/p>\n<p>Zeit: 19.00 &#8211; 21.00 Uhr<\/p>\n<p style=\"font-weight: 400;\">Referenten: Patrick Oeschger \/\u00a0Sabine Merki<\/p>\n<p>Ort: Oeschger Gartengestaltung, Klingnau<\/p>\n<p style=\"font-weight: 400;\">Kosten: CHF 15.00 Mitglieder \/ CHF 20.00 Nichtmitglieder<\/p>\n<p><span style=\"font-weight: 400;\">Anmeldung: Sabine Merki, 079 319 70 69 bis 04.05.26<\/span><\/p>\n<hr \/>\n<hr \/>\n<p style=\"font-weight: 400;\"><strong>Vortrag- Zwischen N\u00e4he und Loslassen \u2013 Wie Angeh\u00f6rige Sterbende liebevoll und praktisch unterst\u00fctzen<br \/>\nDienstag, 08.09.2026<\/strong><\/p>\n<p style=\"font-weight: 400;\">Wir erhalten eine Einf\u00fchrung in die w\u00fcrdevolle Begleitung Schwerkranker und Sterbender sowie st\u00e4rkende Impulse und praktische Anregungen f\u00fcr den Umgang mit Menschen in der letzten Lebensphase.<\/p>\n<p>Zeit: 19.30 &#8211; 21.00 Uhr<\/p>\n<p style=\"font-weight: 400;\">Referentin: Verena B\u00e4chli-Voit, Wesentlich.ag<\/p>\n<p>Ort: Pfarreiheimsaal W\u00fcrenlingen<\/p>\n<p style=\"font-weight: 400;\">Kosten: Kollekte<\/p>\n<p><span style=\"font-weight: 400;\">Anmeldung: Claudia Scherrer, 079 600 98 58<\/span><\/p>\n<hr \/>\n<hr \/>\n<p style=\"font-weight: 400;\"><strong>Vortrag- Ged\u00e4chtnistraining &#8211; <\/strong><strong>\u00c4hm, da war doch noch was\u2026.!<br \/>\nDonnerstag, 22.10.26<\/strong><\/p>\n<p>Zeit: 19.30 Uhr<\/p>\n<p style=\"font-weight: 400;\">Ort: Pfarreisaal, Unterendingen<\/p>\n<p style=\"font-weight: 400;\">Referentin: Petra Oggenfuss, Hirnplus.ch<\/p>\n<p style=\"font-weight: 400;\">Kosten: CHF 20.00 Mitglieder \/ <span style=\"font-weight: 400;\">CHF 30.00 Nichtmitglieder <\/span><\/p>\n<p style=\"font-weight: 400;\"><span style=\"font-weight: 400;\">Anmeldung: Ursula Rimann Senn, ursulari@bluewin.ch, Tel. 079 333 74 28 bis 15.10.26<\/span><\/p>\n<hr \/>\n<hr \/>\n<p style=\"font-weight: 400;\"><strong>Workshop f\u00fcr Erwachsene: <\/strong><strong>Keramik-Wichtel t\u00f6pfern<br \/>\nDienstag, 27.10. + 03.11.2026<\/strong><\/p>\n<p style=\"font-weight: 400;\">In zwei Abenden entsteht ein kleiner Wichtel aus Ton \u2013 Am ersten Abend wird er modelliert, und am zweiten Abend wird der Wichtel bemalt.<\/p>\n<p>Zeit: 19.00 &#8211; 21.00 Uhr<\/p>\n<p style=\"font-weight: 400;\">Kursleitung: Irene Keller<\/p>\n<p>Ort: Atelier im Pl\u00fctschackerweg, W\u00fcrenlingen<\/p>\n<p style=\"font-weight: 400;\">Kosten: CHF 60.00 Mitglieder \/ CHF 65.00 Nichtmitglieder<\/p>\n<p><span style=\"font-weight: 400;\">Anmeldung: Claudia Scherrer, 079 600 98 58 bis 19.10.26<\/span><\/p>\n<hr \/>\n<hr \/>\n<p style=\"font-weight: 400;\"><strong>Workshop: YOGA mit Cristina<br \/>\nFreitag, 15.01.2027<\/strong><\/p>\n<p style=\"font-weight: 400;\">In dieser Yogastunde fliessen wir durch Vinyasa-Sequenzen, entspannen in Shawasana und tanken gemeinsam neue Energie \u2013 f\u00fcr alle Levels geeignet.<\/p>\n<p style=\"font-weight: 400;\">Treffpunkt: 18.30 Uhr Gemeindehausplatz W\u00fcrenlingen (Fahrgemeinschaften nach Villigen)<\/p>\n<p style=\"font-weight: 400;\">Yoga: 19.00 &#8211; 20.00 Uhr<\/p>\n<p>Treffpunkt: Gemeindehausplatz W\u00fcrenlingen<\/p>\n<p style=\"font-weight: 400;\">Kursleitung: Cristina Leder, Aura-sana.ch<\/p>\n<p style=\"font-weight: 400;\">Kosten: CHF 25.00 Mitglieder \/ CHF 30.00 Nichtmitglieder<\/p>\n<p><span style=\"font-weight: 400;\">Anmeldung: Sabine Meier, 056 281 12 84 bis 31.12.26<\/span><\/p>\n","protected":false},"excerpt":{"rendered":"<p>Workshop: Faszinierende N\u00fctzlinge \u2013 deine fleissigen Helfer im Garten Donnerstag, 07.05.2026 Entdecke die kleinen Helden im Garten! In diesem Workshop lernst du N\u00fctzlinge wie Marienk\u00e4fer, Florfliegen, Igel und Eidechsen kennen, die auf nat\u00fcrliche Weise Sch\u00e4dlinge bek\u00e4mpfen und das \u00f6kologische Gleichgewicht erhalten. Zeit: 19.00 &#8211; 21.00 Uhr Referenten: Patrick Oeschger \/\u00a0Sabine Merki Ort: Oeschger Gartengestaltung, Klingnau [&hellip;]<\/p>\n","protected":false},"author":1,"featured_media":0,"parent":226,"menu_order":0,"comment_status":"closed","ping_status":"closed","template":"","meta":{"footnotes":""},"class_list":["post-2136","page","type-page","status-publish","hentry"],"_links":{"self":[{"href":"https:\/\/fgwuerenlingen.ch\/index.php?rest_route=\/wp\/v2\/pages\/2136","targetHints":{"allow":["GET"]}}],"collection":[{"href":"https:\/\/fgwuerenlingen.ch\/index.php?rest_route=\/wp\/v2\/pages"}],"about":[{"href":"https:\/\/fgwuerenlingen.ch\/index.php?rest_route=\/wp\/v2\/types\/page"}],"author":[{"embeddable":true,"href":"https:\/\/fgwuerenlingen.ch\/index.php?rest_route=\/wp\/v2\/users\/1"}],"replies":[{"embeddable":true,"href":"https:\/\/fgwuerenlingen.ch\/index.php?rest_route=%2Fwp%2Fv2%2Fcomments&post=2136"}],"version-history":[{"count":55,"href":"https:\/\/fgwuerenlingen.ch\/index.php?rest_route=\/wp\/v2\/pages\/2136\/revisions"}],"predecessor-version":[{"id":3701,"href":"https:\/\/fgwuerenlingen.ch\/index.php?rest_route=\/wp\/v2\/pages\/2136\/revisions\/3701"}],"up":[{"embeddable":true,"href":"https:\/\/fgwuerenlingen.ch\/index.php?rest_route=\/wp\/v2\/pages\/226"}],"wp:attachment":[{"href":"https:\/\/fgwuerenlingen.ch\/index.php?rest_route=%2Fwp%2Fv2%2Fmedia&parent=2136"}],"curies":[{"name":"wp","href":"https:\/\/api.w.org\/{rel}","templated":true}]}}