{"id":2129,"date":"2023-01-19T11:52:39","date_gmt":"2023-01-19T11:52:39","guid":{"rendered":"https:\/\/fgwuerenlingen.ch\/?page_id=2129"},"modified":"2026-01-26T13:11:00","modified_gmt":"2026-01-26T13:11:00","slug":"jugendliche-familien","status":"publish","type":"page","link":"https:\/\/fgwuerenlingen.ch\/?page_id=2129","title":{"rendered":"Jugendliche\/Familien"},"content":{"rendered":"<p><strong>Schulschluss Gottesdienst<br \/>\nSonntag, 28.06.2026<\/strong><\/p>\n<p>Dank f\u00fcrs abgeschlossene Schuljahr und Freude auf die freie Zeit pr\u00e4gen diese Feier. Im Anschluss Ap\u00e9ro.<\/p>\n<p>Zeit: 10.30 Uhr<\/p>\n<p>Ort: Kirche W\u00fcrenlingen<\/p>\n<hr \/>\n<hr \/>\n<p><b>Wald- und Schulstartgottesdienst<br \/>\nSonntag, 16.08.2026<br \/>\n<\/b><\/p>\n<p>Kaffee und Kuchen werden offeriert, Picknick f\u00fcrs Mittagessen darf mitgebracht werden<\/p>\n<p>Zeit: 11 Uhr<\/p>\n<p>Ort: Bei sch\u00f6nem Wetter Waldh\u00fctte Oberwald.\u00a0Kaffee und Kuchen werden offeriert, Picknick f\u00fcrs Mittagessen darf mitgebracht werden.<\/p>\n<hr \/>\n<hr \/>\n<p><strong>Workshop Jungen: MFM \u201eAgenten auf dem Weg\u201c<br \/>\n<\/strong><strong>Samstag: 19.09.2026<\/strong><\/p>\n<p>Was passiert in der Pubert\u00e4t mit dem K\u00f6rper? Beim Workshop erfahren die Jungen viel Wissenswertes rund um ihren K\u00f6rper und dessen Ver\u00e4nderung.<\/p>\n<p>Kursleiter: Samuel Str\u00e4ssler<\/p>\n<p>Ort: Vereinszimmer im Postgeb\u00e4ude W\u00fcrenlingen<\/p>\n<p>Zeit: 09.00 Uhr \u2013 16.00 Uhr<\/p>\n<p>Kosten: CHF 100.00 Mitglieder \/ CHF 130.00 Nichtmitglieder<br \/>\n(f\u00fcr Workshop inkl. Elternvortrag)<\/p>\n<p>&nbsp;<\/p>\n<p><strong>Elternvortrag: \u201eAgenten auf dem Weg&#8220;<br \/>\nFreitag, 18.09.2026<\/strong><\/p>\n<p>Kursleiter: Samuel Str\u00e4ssler<\/p>\n<p>Ort: Vereinszimmer im Postgeb\u00e4ude W\u00fcrenlingen<\/p>\n<p>Zeit: 19.30 Uhr \u2013\u00a0\u00a021.00 Uhr<\/p>\n<p>Kosten: Nur f\u00fcr Vortrag: CHF 30.00 f\u00fcr Paare CHF 40.00<\/p>\n<p><span style=\"font-weight: 400;\">Anmeldung: Gabi Wicki, 079 317 80 92 bis 01.09.26<\/span><\/p>\n<hr \/>\n<hr \/>\n<p><strong>Workshop M\u00e4dchen: MFM Projekt &#8222;Zyklus-Show&#8220;<br \/>\nSamstag, 24.10.2025<\/strong><\/p>\n<p>Was passiert in der Pubert\u00e4t mit dem K\u00f6rper? Beim Workshop erfahren die\u00a0M\u00e4dchen viel Wissenswertes rund um ihren K\u00f6rper und dessen Ver\u00e4nderung.<\/p>\n<p>Alter: 10 &#8211; 12 Jahre<\/p>\n<p>Kursleiterin: Silvia Vetter<\/p>\n<p>Ort: Foyer 2. Stock, Schulhaus Rietwise, Lengnau<\/p>\n<p>Zeit: 09.00 Uhr \u2013\u00a0 16.00 Uhr<\/p>\n<p>Kosten: CHF 100.00 Mitglieder \/ CHF 130.00 Nichtmitglieder<br \/>\n(f\u00fcr Workshop inkl. Elternvortrag)<\/p>\n<p>&nbsp;<\/p>\n<p><strong>Elternvortrag: MFM Projekt M\u00e4dchen &#8222;Zyklus-Show&#8220;<br \/>\nFreitag, 23.10.2025<\/strong><\/p>\n<p>Kursleiterin: Silvia Vetter<\/p>\n<p>Ort: Foyer 2. Stock, Schulhaus Rietwise, Lengnau<\/p>\n<p>Zeit: 19.30 Uhr \u2013\u00a0\u00a021.00 Uhr<\/p>\n<p>Kosten: Nur f\u00fcr Vortrag: CHF 30.00 f\u00fcr Paare CHF 40.00<\/p>\n<p>Anmeldung: \u00fcber info@fgwuerenlingen.ch bis 25.08.25<\/p>\n<hr \/>\n<hr \/>\n<p style=\"font-weight: 400;\"><strong>Nothelferkurs f\u00fcr Familien<br \/>\n<\/strong><strong>Samstag, 14.11.2026<\/strong><\/p>\n<p>An diesem Nachmittag erwartet uns ein Familien-Nothelferkurs mit abwechslungsreichen Posten und einer kleinen St\u00e4rkung zwischendurch.<\/p>\n<p>Alter: ab 10 Jahre<\/p>\n<p>Zeit: 13.00 &#8211; 17.00 Uhr<\/p>\n<p style=\"font-weight: 400;\">Ort: Feuerwehrmagazin, W\u00fcrenlingen<\/p>\n<p style=\"font-weight: 400;\">Kosten:<br \/>\nErwachsene: CHF 20.00 Mitglieder \/ CHF 25.00 Nichtmitglieder<\/p>\n<p style=\"font-weight: 400;\">Kinder: CHF 15.00<\/p>\n<p><span style=\"font-weight: 400;\">Anmeldung: Jasmine Koller, 079 485 81 50 bis 24.11.26<\/span><\/p>\n<hr \/>\n<hr \/>\n<p style=\"font-weight: 400;\"><strong>Bowling Nachmittag<br \/>\nMittwoch, 13.01.2027<\/strong><\/p>\n<p style=\"font-weight: 400;\">GoEasy, Siggenthal Station<\/p>\n<p style=\"font-weight: 400;\">Ein spannender Bowlingnachmittag f\u00fcr Kinder\u00a0 \u2013 Strike oder Spare?<\/p>\n<p style=\"font-weight: 400;\">Alter: ab 8 Jahre<\/p>\n<p>Zeit: 14.00 &#8211; 16.00 Uhr<\/p>\n<p style=\"font-weight: 400;\">Kosten pro Person: CHF 15.00<\/p>\n<p>Anmeldung: <span style=\"font-weight: 400;\"><a href=\"mailto:info@fgwuerenlingen.ch\">info@fgwuerenlingen.ch<\/a> <\/span><span style=\"font-weight: 400;\">bis 06.01.2027<\/span><\/p>\n","protected":false},"excerpt":{"rendered":"<p>Schulschluss Gottesdienst Sonntag, 28.06.2026 Dank f\u00fcrs abgeschlossene Schuljahr und Freude auf die freie Zeit pr\u00e4gen diese Feier. Im Anschluss Ap\u00e9ro. Zeit: 10.30 Uhr Ort: Kirche W\u00fcrenlingen Wald- und Schulstartgottesdienst Sonntag, 16.08.2026 Kaffee und Kuchen werden offeriert, Picknick f\u00fcrs Mittagessen darf mitgebracht werden Zeit: 11 Uhr Ort: Bei sch\u00f6nem Wetter Waldh\u00fctte Oberwald.\u00a0Kaffee und Kuchen werden offeriert, [&hellip;]<\/p>\n","protected":false},"author":1,"featured_media":0,"parent":2049,"menu_order":0,"comment_status":"closed","ping_status":"closed","template":"","meta":{"footnotes":""},"class_list":["post-2129","page","type-page","status-publish","hentry"],"_links":{"self":[{"href":"https:\/\/fgwuerenlingen.ch\/index.php?rest_route=\/wp\/v2\/pages\/2129","targetHints":{"allow":["GET"]}}],"collection":[{"href":"https:\/\/fgwuerenlingen.ch\/index.php?rest_route=\/wp\/v2\/pages"}],"about":[{"href":"https:\/\/fgwuerenlingen.ch\/index.php?rest_route=\/wp\/v2\/types\/page"}],"author":[{"embeddable":true,"href":"https:\/\/fgwuerenlingen.ch\/index.php?rest_route=\/wp\/v2\/users\/1"}],"replies":[{"embeddable":true,"href":"https:\/\/fgwuerenlingen.ch\/index.php?rest_route=%2Fwp%2Fv2%2Fcomments&post=2129"}],"version-history":[{"count":52,"href":"https:\/\/fgwuerenlingen.ch\/index.php?rest_route=\/wp\/v2\/pages\/2129\/revisions"}],"predecessor-version":[{"id":3656,"href":"https:\/\/fgwuerenlingen.ch\/index.php?rest_route=\/wp\/v2\/pages\/2129\/revisions\/3656"}],"up":[{"embeddable":true,"href":"https:\/\/fgwuerenlingen.ch\/index.php?rest_route=\/wp\/v2\/pages\/2049"}],"wp:attachment":[{"href":"https:\/\/fgwuerenlingen.ch\/index.php?rest_route=%2Fwp%2Fv2%2Fmedia&parent=2129"}],"curies":[{"name":"wp","href":"https:\/\/api.w.org\/{rel}","templated":true}]}}